t of 87218?
1
What is the units digit of 84?
4
What is the units digit of 20834?
4
What is the units digit of 8287?
7
What is the hundreds digit of 51648?
6
What is the hundreds digit of 160?
1
What is the units digit of 87016?
6
What is the tens digit of 5065?
6
What is the ten thousands digit of 23367?
2
What is the units digit of 593?
3
What is the hundreds digit of 47578?
5
What is the hundreds digit of 6845?
8
What is the thousands digit of 17025?
7
What is the tens digit of 4914?
1
What is the thousands digit of 23082?
3
What is the units digit of 594?
4
What is the tens digit of 27301?
0
What is the units digit of 1023?
3
What is the hundreds digit of 38508?
5
What is the ten thousands digit of 43328?
4
What is the tens digit of 96701?
0
What is the units digit of 5913?
3
What is the hundreds digit of 2421?
4
What is the ten thousands digit of 26230?
2
What is the units digit of 9100?
0
What is the hundreds digit of 9973?
9
What is the tens digit of 26570?
7
What is the hundreds digit of 1712?
7
What is the hundreds digit of 23324?
3
What is the thousands digit of 4808?
4
What is the tens digit of 12987?
8
What is the hundreds digit of 9009?
0
What is the hundreds digit of 527?
5
What is the thousands digit of 90352?
0
What is the tens digit of 61114?
1
What is the tens digit of 3171?
7
What is the tens digit of 11698?
9
What is the ten thousands digit of 15487?
1
What is the tens digit of 2712?
1
What is the ten thousands digit of 19254?
1
What is the ten thousands digit of 43035?
4
What is the ten thousands digit of 73060?
7
What is the units digit of 4444?
4
What is the tens digit of 1070?
7
What is the tens digit of 124261?
6
What is the hundreds digit of 3221?
2
What is the thousands digit of 1828?
1
What is the thousands digit of 44627?
4
What is the thousands digit of 9823?
9
What is the units digit of 431?
1
What is the tens digit of 1585?
8
What is the hundreds digit of 177?
1
What is the thousands digit of 13095?
3
What is the tens digit of 89?
8
What is the tens digit of 33757?
5
What is the units digit of 10462?
2
What is the hundreds digit of 360?
3
What is the ten thousands digit of 11892?
1
What is the thousands digit of 8948?
8
What is the tens digit of 1854?
5
What is the hundreds digit of 3732?
7
What is the units digit of 14335?
5
What is the thousands digit of 94439?
4
What is the units digit of 4188?
8
What is the ten thousands digit of 15875?
1
What is the thousands digit of 100717?
0
What is the thousands digit of 1069?
1
What is the thousands digit of 36166?
6
What is the hundreds digit of 3758?
7
What is the units digit of 15577?
7
What is the tens digit of 664?
6
What is the hundreds digit of 4582?
5
What is the tens digit of 63401?
0
What is the tens digit of 840?
4
What is the thousands digit of 1534?
1
What is the units digit of 11748?
8
What is the hundreds digit of 883?
8
What is the units digit of 1782?
2
What is the ten thousands digit of 28747?
2
What is the hundreds digit of 18324?
3
What is the units digit of 8339?
9
What is the hundreds digit of 54388?
3
What is the thousands digit of 6037?
6
What is the tens digit of 1149?
4
What is the units digit of 4284?
4
What is the units digit of 974?
4
What is the tens digit of 3704?
0
What is the hundreds digit of 792?
7
What is the tens digit of 4951?
5
What is the hundreds digit of 9297?
2
What is the units digit of 55332?
2
What is the units digit of 13069?
9
What is the units digit of 1471?
1
What is the tens digit of 4430?
3
What is the hundreds digit of 26867?
8
What is the thousands digit of 32524?
2
What is the tens digit of 656?
5
What is the tens digit of 2015?
1
What is the units digit of 50927?
7
What is the tens digit of 1484?
8
What is the units digit of 1465?
5
What is the ten thousands digit of 126401?
2
What is the units digit of 1172?
2
What is the units digit of 145148?
8
What is the tens digit of 5930?
3
What is the units digit of 1251?
1
What is the units digit of 32478?
8
What is the units digit of 6398?
8
What is the thousands digit of 1556?
1
What is the thousands digit of 22197?
2
What is the units digit of 6997?
7
What is the tens digit of 12732?
3
What is the tens digit of 3697?
9
What is the ten thousands digit of 26971?
2
What is the hundreds digit of 93903?
9
What is the units digit of 807?
7
What is the ten thousands digit of 11849?
1
What is the hundreds digit of 4866?
8
What is the units digit of 303?
3
What is the tens digit of 32248?
4
What is the ten thousands digit of 78008?
7
What is the hundreds digit of 8225?
2
What is the ten thousands digit of 130863?
3
What is the units digit of 93?
3
What is the units digit of 1686?
6
What is the ten thousands digit of 17839?
1
What is the hundreds digit of 40788?
7
What is the hundreds digit of 251?
2
What is the thousands digit of 40434?
0
What is the thousands digit of 141115?
1
What is the tens digit of 1608?
0
What is the thousands digit of 19743?
9
What is the thousands digit of 31515?
1
What is the thousands digit of 20409?
0
What is the units digit of 64347?
7
What is the units digit of 376?
6
What is the hundreds digit of 4721?
7
What is the thousands digit of 36285?
6
What is the hundreds digit of 13322?
3
What is the units digit of 804?
4
What is the units digit of 18118?
8
What is the tens digit of 190?
9
What is the tens digit of 1604?
0
What is the units digit of 11029?
9
What is the units digit of 521?
1
What is the units digit of 87?
7
What is the units digit of 7195?
5
What is the units digit of 1462?
2
What is the tens digit of 1361?
6
What is the ten thousands digit of 10139?
1
What is the ten thousands digit of 162740?
6
What is the units digit of 18682?
2
What is the units digit of 4914?
4
What is the tens digit of 11139?
3
What is the thousands digit of 14415?
4
What is the hundreds digit of 8690?
6
What is the tens digit of 2734?
3
What is the hundreds digit of 1689?
6
What is the hundreds digit of 294?
2
What is the tens digit of 95?
9
What is the thousands digit of 11223?
1
What is the ten thousands digit of 20226?
2
What is the ten thousands digit of 10510?
1
What is the units digit of 1574?
4
What is the units digit of 6976?
6
What is the units digit of 160258?
8
What is the tens digit of 2057?
5
What is the ten thousands digit of 20164?
2
What is the hundreds digit of 22130?
1
What is the units digit of 37692?
2
What is the thousands digit of 4170?
4
What is the tens digit of 127?
2
What is the tens digit of 34321?
2
What is the hundreds digit of 62564?
5
What is the thousands digit of 24525?
4
What is the units digit of 5857?
7
What is the units digit of 4578?
8
What is the tens digit of 63367?
6
What is the tens digit of 1857?
5
What is the thousands digit of 37294?
7
What is the hundreds digit of 22687?
6
What is the units digit of 1232?
2
What is the units digit of 24826?
6
What is the units digit of 1529?
9
What is the tens digit of 28202?
0
What is the tens digit of 213?
1
What is the units digit of 3419?
9
What is the thousands digit of 1336?
1
What is the hundreds digit of 270?
2
What is the thousands digit of 39427?
9
What is the tens digit of 226?
2
What is the tens digit of 852?
5
What is the tens digit of 7711?
1
What is the tens digit of 2728?
2
What is the hundreds digit of 329?
3
What is the ten thousands digit of 18592?
1
What is the ten thousands digit of 48268?
4
What is the thousands digit of 2687?
2
What is the hundreds digit of 4332?
3
What is the ten thousands digit of 63005?
6
What is the tens digit of 578?
7
What is the hundreds digit of 157?
1
What is the thousands digit of 29892?
9
What is the hundreds digit of 16654?
6
What is the tens digit of 51?
5
What is the tens digit of 19733?
3
What is the units digit of 639?
9
What is the tens digit of 25735?
3
What is the tens digit of 8393?
9
What is the tens digit of 1235?
3
What is the units digit of 28026?
6
What is the ten thousands digit of 151633?
5
What is the ten thousands digit of 141202?
4
What is the tens digit of 1074?
7
What is the thousands digit of 39710?
9
What is the units digit of 2719?
9
What is the units digit of 8728?
8
What is the hundreds digit of 2686?
6
What is the tens digit of 6112?
1
What is the thousands digit of 16305?
6
What is the ten thousands dig